culate the remainder when 92962 is divided by 254.
252
Calculate the remainder when 21345 is divided by 562.
551
What is the remainder when 75942 is divided by 1998?
18
What is the remainder when 471 is divided by 328?
143
What is the remainder when 48305 is divided by 537?
512
Calculate the remainder when 23687 is divided by 149.
145
What is the remainder when 5201 is divided by 650?
1
Calculate the remainder when 3048 is divided by 191.
183
Calculate the remainder when 485335 is divided by 10111.
7
Calculate the remainder when 445 is divided by 224.
221
Calculate the remainder when 50633 is divided by 74.
17
What is the remainder when 1581 is divided by 775?
31
Calculate the remainder when 198302 is divided by 84.
62
What is the remainder when 38759 is divided by 275?
259
Calculate the remainder when 1573 is divided by 58.
7
Calculate the remainder when 314682 is divided by 5.
2
What is the remainder when 9056 is divided by 144?
128
What is the remainder when 2203679 is divided by 734557?
8
Calculate the remainder when 1269 is divided by 18.
9
Calculate the remainder when 1121804 is divided by 14.
12
What is the remainder when 65008 is divided by 127?
111
Calculate the remainder when 3607 is divided by 1199.
10
What is the remainder when 10311 is divided by 10307?
4
Calculate the remainder when 1812 is divided by 101.
95
Calculate the remainder when 288 is divided by 3.
0
Calculate the remainder when 4738 is divided by 24.
10
Calculate the remainder when 8425 is divided by 108.
1
What is the remainder when 522536 is divided by 60?
56
Calculate the remainder when 59135 is divided by 7.
6
What is the remainder when 8908 is divided by 91?
81
What is the remainder when 2494 is divided by 112?
30
What is the remainder when 7621 is divided by 224?
5
What is the remainder when 2310 is divided by 43?
31
What is the remainder when 56419 is divided by 21?
13
What is the remainder when 972659 is divided by 145?
144
What is the remainder when 10822 is divided by 193?
14
Calculate the remainder when 14487 is divided by 4613.
648
Calculate the remainder when 58419 is divided by 14.
11
Calculate the remainder when 571227 is divided by 39.
33
Calculate the remainder when 7298 is divided by 24.
2
What is the remainder when 65250 is divided by 33?
9
What is the remainder when 422 is divided by 124?
50
What is the remainder when 2604 is divided by 657?
633
Calculate the remainder when 21163 is divided by 15.
13
Calculate the remainder when 1021883 is divided by 8175.
8
What is the remainder when 1637 is divided by 515?
92
Calculate the remainder when 1296520 is divided by 38.
36
What is the remainder when 17782 is divided by 114?
112
What is the remainder when 20941 is divided by 600?
541
Calculate the remainder when 3309 is divided by 517.
207
What is the remainder when 291347 is divided by 147?
140
Calculate the remainder when 2426 is divided by 63.
32
What is the remainder when 2830 is divided by 555?
55
What is the remainder when 79673 is divided by 19917?
5
Calculate the remainder when 1618 is divided by 156.
58
What is the remainder when 6348551 is divided by 744?
743
What is the remainder when 166986 is divided by 15?
6
Calculate the remainder when 515304 is divided by 22.
20
What is the remainder when 3027 is divided by 999?
30
What is the remainder when 3081 is divided by 220?
1
Calculate the remainder when 2917891 is divided by 12.
7
Calculate the remainder when 48088 is divided by 659.
640
What is the remainder when 1185027 is divided by 190?
187
Calculate the remainder when 73483 is divided by 90.
43
What is the remainder when 421809 is divided by 36?
33
Calculate the remainder when 1231149 is divided by 52.
49
What is the remainder when 115329 is divided by 1020?
69
What is the remainder when 9315 is divided by 4648?
19
Calculate the remainder when 141201 is divided by 200.
1
Calculate the remainder when 5703 is divided by 2688.
327
Calculate the remainder when 5654 is divided by 1870.
44
What is the remainder when 10776 is divided by 566?
22
What is the remainder when 6215 is divided by 884?
27
What is the remainder when 497521 is divided by 175?
171
What is the remainder when 264019 is divided by 228?
223
Calculate the remainder when 213937 is divided by 527.
502
Calculate the remainder when 232280 is divided by 17.
9
Calculate the remainder when 87609 is divided by 294.
291
Calculate the remainder when 107077 is divided by 27.
22
Calculate the remainder when 360125 is divided by 231.
227
Calculate the remainder when 220566 is divided by 70.
66
Calculate the remainder when 22872 is divided by 172.
168
Calculate the remainder when 286344 is divided by 42.
30
Calculate the remainder when 3897 is divided by 160.
57
What is the remainder when 167977 is divided by 1826?
1811
Calculate the remainder when 182659 is divided by 60882.
13
Calculate the remainder when 1407 is divided by 185.
112
What is the remainder when 229848 is divided by 102?
42
Calculate the remainder when 745 is divided by 218.
91
Calculate the remainder when 63762 is divided by 39.
36
What is the remainder when 6977 is divided by 42?
5
What is the remainder when 687 is divided by 8?
7
Calculate the remainder when 217135 is divided by 470.
465
Calculate the remainder when 127726 is divided by 76.
46
Calculate the remainder when 4684 is divided by 4668.
16
What is the remainder when 912 is divided by 206?
88
What is the remainder when 4420370 is divided by 21?
17
Calculate the remainder when 60154 is divided by 27.
25
Calculate the remainder when 52349 is divided by 374.
363
What is the remainder when 237060 is divided by 937?
936
What is the remainder when 14278 is divided by 483?
271
What is the remainder when 586 is divided by 131?
62
What is the remainder when 125151 is divided by 1088?
31
Calculate the remainder when 688279 is divided by 8.
7
Calculate the remainder when 201455 is divided by 12.
11
What is the remainder when 860 is divided by 289?
282
Calculate the remainder when 100853 is divided by 44.
5
Calculate the remainder when 7681 is divided by 404.
5
What is the remainder when 13792 is divided by 3442?
24
Calculate the remainder when 962 is divided by 71.
39
What is the remainder when 943020 is divided by 149?
148
Calculate the remainder when 30278 is divided by 283.
280
What is the remainder when 209951 is divided by 5?
1
Calculate the remainder when 36850 is divided by 898.
32
Calculate the remainder when 26404 is divided by 26402.
2
What is the remainder when 15505 is divided by 1544?
65
What is the remainder when 2090 is divided by 1872?
218
Calculate the remainder when 245970 is divided by 13.
10
What is the remainder when 977 is divided by 324?
5
What is the remainder when 44933 is divided by 62?
45
What is the remainder when 156335 is divided by 13?
10
What is the remainder when 3650 is divided by 1666?
318
What is the remainder when 6478 is divided by 546?
472
Calculate the remainder when 2372 is divided by 346.
296
What is the remainder when 95507 is divided by 52?
35
What is the remainder when 23900639 is divided by 1031?
1028
Calculate the remainder when 34607 is divided by 787.
766
What is the remainder when 5181 is divided by 67?
22
Calculate the remainder when 525841 is divided by 30.
1
What is the remainder when 246270 is divided by 55?
35
Calculate the remainder when 179198 is divided by 400.
398
What is the remainder when 9574 is divided by 95?
74
Calculate the remainder when 87046 is divided by 1892.
14
Calculate the remainder when 101699 is divided by 33896.
11
What is the remainder when 134130 is divided by 193?
188
What is the remainder when 63213 is divided by 545?
538
What is the remainder when 1323621 is divided by 1147?
1130
Calculate the remainder when 3610 is divided by 3142.
468
Calculate the remainder when 2336021 is divided by 154.
149
What is the remainder when 159235 is divided by 121?
120
Calculate the remainder when 5126 is divided by 59.
52
Calculate the remainder when 2744 is divided by 197.
183
Calculate the remainder when 54064 is divided by 111.
7
Calculate the remainder when 92817 is divided by 455.
452
What is the remainder when 55246 is divided by 52?
22
What is the remainder when 45084 is divided by 7491?
138
Calculate th